at is the remainder when 1332 is divided by 265?
7
What is the remainder when 754 is divided by 35?
19
Calculate the remainder when 5327 is divided by 48.
47
Calculate the remainder when 2862 is divided by 8.
6
Calculate the remainder when 7253 is divided by 18.
17
Calculate the remainder when 117 is divided by 21.
12
Calculate the remainder when 156 is divided by 36.
12
What is the remainder when 91 is divided by 19?
15
Calculate the remainder when 456 is divided by 10.
6
What is the remainder when 1539 is divided by 55?
54
What is the remainder when 174 is divided by 76?
22
Calculate the remainder when 1754 is divided by 347.
19
What is the remainder when 4234 is divided by 121?
120
What is the remainder when 257 is divided by 37?
35
What is the remainder when 432 is divided by 62?
60
What is the remainder when 85 is divided by 44?
41
What is the remainder when 196 is divided by 96?
4
What is the remainder when 395 is divided by 2?
1
Calculate the remainder when 111 is divided by 23.
19
Calculate the remainder when 70 is divided by 7.
0
What is the remainder when 80 is divided by 12?
8
Calculate the remainder when 255 is divided by 64.
63
What is the remainder when 732 is divided by 246?
240
What is the remainder when 671 is divided by 96?
95
What is the remainder when 534 is divided by 256?
22
What is the remainder when 1433 is divided by 37?
27
Calculate the remainder when 269 is divided by 73.
50
What is the remainder when 1543 is divided by 141?
133
What is the remainder when 110 is divided by 35?
5
Calculate the remainder when 65 is divided by 47.
18
What is the remainder when 48 is divided by 28?
20
What is the remainder when 27 is divided by 7?
6
What is the remainder when 2962 is divided by 19?
17
What is the remainder when 52 is divided by 16?
4
Calculate the remainder when 134 is divided by 24.
14
What is the remainder when 92 is divided by 47?
45
What is the remainder when 359 is divided by 3?
2
What is the remainder when 114 is divided by 23?
22
What is the remainder when 196 is divided by 28?
0
Calculate the remainder when 183 is divided by 16.
7
Calculate the remainder when 1583 is divided by 488.
119
What is the remainder when 10713 is divided by 188?
185
Calculate the remainder when 1349 is divided by 8.
5
Calculate the remainder when 574 is divided by 362.
212
Calculate the remainder when 831 is divided by 831.
0
Calculate the remainder when 1501 is divided by 357.
73
Calculate the remainder when 234 is divided by 80.
74
What is the remainder when 1425 is divided by 23?
22
What is the remainder when 250 is divided by 3?
1
Calculate the remainder when 1585 is divided by 513.
46
What is the remainder when 73 is divided by 31?
11
What is the remainder when 128 is divided by 28?
16
Calculate the remainder when 931 is divided by 13.
8
What is the remainder when 125 is divided by 66?
59
What is the remainder when 47 is divided by 29?
18
What is the remainder when 414 is divided by 95?
34
What is the remainder when 52 is divided by 24?
4
What is the remainder when 2804 is divided by 4?
0
What is the remainder when 226 is divided by 93?
40
Calculate the remainder when 242 is divided by 114.
14
Calculate the remainder when 1047 is divided by 75.
72
Calculate the remainder when 2055 is divided by 9.
3
Calculate the remainder when 1160 is divided by 51.
38
Calculate the remainder when 634 is divided by 210.
4
Calculate the remainder when 5256 is divided by 2623.
10
Calculate the remainder when 251 is divided by 143.
108
Calculate the remainder when 53 is divided by 30.
23
What is the remainder when 51 is divided by 7?
2
What is the remainder when 133 is divided by 41?
10
What is the remainder when 422 is divided by 88?
70
Calculate the remainder when 5824 is divided by 201.
196
What is the remainder when 31 is divided by 23?
8
What is the remainder when 183 is divided by 8?
7
What is the remainder when 130 is divided by 35?
25
Calculate the remainder when 264 is divided by 125.
14
Calculate the remainder when 62 is divided by 5.
2
Calculate the remainder when 894 is divided by 25.
19
Calculate the remainder when 2825 is divided by 28.
25
What is the remainder when 205 is divided by 83?
39
What is the remainder when 41 is divided by 30?
11
Calculate the remainder when 335 is divided by 59.
40
What is the remainder when 83 is divided by 6?
5
Calculate the remainder when 8474 is divided by 446.
0
What is the remainder when 776 is divided by 82?
38
What is the remainder when 2012 is divided by 83?
20
Calculate the remainder when 678 is divided by 75.
3
Calculate the remainder when 1150 is divided by 372.
34
Calculate the remainder when 780 is divided by 87.
84
What is the remainder when 230 is divided by 8?
6
Calculate the remainder when 332 is divided by 71.
48
What is the remainder when 157 is divided by 56?
45
Calculate the remainder when 180 is divided by 41.
16
Calculate the remainder when 53 is divided by 22.
9
Calculate the remainder when 1549 is divided by 62.
61
What is the remainder when 3202 is divided by 67?
53
What is the remainder when 27 is divided by 15?
12
What is the remainder when 1855 is divided by 10?
5
What is the remainder when 1228 is divided by 10?
8
What is the remainder when 130 is divided by 21?
4
Calculate the remainder when 389 is divided by 130.
129
Calculate the remainder when 253 is divided by 4.
1
Calculate the remainder when 510 is divided by 29.
17
Calculate the remainder when 233 is divided by 220.
13
What is the remainder when 345 is divided by 26?
7
Calculate the remainder when 68 is divided by 30.
8
What is the remainder when 159 is divided by 33?
27
What is the remainder when 348 is divided by 219?
129
Calculate the remainder when 115 is divided by 14.
3
Calculate the remainder when 5774 is divided by 35.
34
What is the remainder when 2224 is divided by 170?
14
What is the remainder when 148 is divided by 99?
49
What is the remainder when 1285 is divided by 11?
9
Calculate the remainder when 327 is divided by 2.
1
What is the remainder when 12203 is divided by 109?
104
What is the remainder when 5506 is divided by 307?
287
Calculate the remainder when 1748 is divided by 25.
23
What is the remainder when 2795 is divided by 20?
15
Calculate the remainder when 263 is divided by 38.
35
What is the remainder when 6297 is divided by 134?
133
What is the remainder when 524 is divided by 76?
68
What is the remainder when 143 is divided by 126?
17
Calculate the remainder when 102 is divided by 21.
18
What is the remainder when 8 is divided by 6?
2
Calculate the remainder when 2260 is divided by 73.
70
Calculate the remainder when 352 is divided by 90.
82
Calculate the remainder when 2234 is divided by 13.
11
What is the remainder when 149 is divided by 22?
17
Calculate the remainder when 312 is divided by 34.
6
Calculate the remainder when 277 is divided by 26.
17
Calculate the remainder when 30 is divided by 7.
2
What is the remainder when 89 is divided by 9?
8
Calculate the remainder when 306 is divided by 53.
41
What is the remainder when 43 is divided by 5?
3
What is the remainder when 93 is divided by 32?
29
Calculate the remainder when 971 is divided by 36.
35
What is the remainder when 113 is divided by 29?
26
Calculate the remainder when 371 is divided by 54.
47
What is the remainder when 153 is divided by 20?
13
Calculate the remainder when 2586 is divided by 14.
10
Calculate the remainder when 183 is divided by 6.
3
What is the remainder when 236 is divided by 45?
11
What is the remainder when 80 is divided by 12?
8
What is the remainder when 31 is divided by 9?
4
What is the remainder when 1566 is divided by 1555?
11
What is the remainder when 372 is divided by 83?
40
Calculate the remainder when 1860 is divided by 38.
36
What is the remainder when 247 is divided by 18?
13
What is the remainder when 95 is divided by 63?
32
Calculate the remainder when 433 is divided by 21.
13
What is the remainder when 98 is divided by 51?
47
Calculate the remainder when 99 is divided by 4.
3
What is the remainder when 714 is divided by 49?
28
Calculate the remainder when 1898 is divided by 38.
36
Calculate the remainder when 69 is divided by 6.
3
What is the remainder when 1024 is divided by 207?
196
Calcula